ppose t*z + 2 = z. Determine s(z).
-9
Let v be (-1)/3*-5*12. Let k be (-16)/(-5) - v/(-25). Let h(g) = 5*g**2 - 27*g - 3 + 32*g - k*g**2. Give h(-6).
3
Let v(i) be the first derivative of -i**3/3 + i**2 - 8*i + 1837. What is v(5)?
-23
Let z(t) be the third derivative of t**6/30 - t**5/30 + t**4/8 - t**3 + 1325*t**2. What is z(2)?
24
Let p(k) be the second derivative of k**4/12 - k**3/2 - k. Let t = 1202 + -1162. Suppose -1391*x - t = -1401*x. Calculate p(x).
4
Let b = 2188 + -2185. Let j(o) = 5*o**3 + 2*o**2 - 7*o + 5. Let q(s) = -2 - s**2 - 5 - 4*s**3 + 6*s + 3. Let t(p) = -3*j(p) - 4*q(p). Determine t(b).
1
Let d(z) be the first derivative of 2*z**2 + 58*z + 1698. Calculate d(-11).
14
Suppose 4*m + 0*m + 48 = 2*g, -10 = -5*g. Let k = -60 - -75. Let p = k + m. Let d(f) = -3*f + 3. Calculate d(p).
-9
Let j(q) = -23*q**3 - 5*q**2 - 17*q + 12. Let o(c) = 27*c**3 + 6*c**2 + 20*c - 11. Let u(r) = 7*j(r) + 6*o(r). Determine u(0).
18
Let u(z) = -z - 2. Let l be u(-8). Let a be 1/((2/(-56))/((-117)/l)). Let m(o) = -5*o**2 - 1 - 1 + o**3 + 551*o - a*o. Determine m(3).
-5
Let b(o) = 2*o**2 - 6*o + 5. Suppose 1 = -27*r + 28*r. Let v be b(r). Let f(p) be the first derivative of 7*p**2/2 - p + 2. Give f(v).
6
Let h(v) = 40*v**2 - 39*v**2 - 28*v + 5*v + 12 + 4. Give h(23).
16
Let m(f) = 10*f - 75. Let p(n) = -29*n + 221. Let o(g) = -17*m(g) - 6*p(g). Let q be o(13). Let y(t) = -7*t**2 - t. Give y(q).
-8
Let w(u) be the second derivative of -1/6*u**3 - u + 5/2*u**2 + 1. Determine w(7).
-2
Suppose 25*s = -36*s + 14*s + 423. Let r(g) = -5*g + 37. Determine r(s).
-8
Let z = 2202 - 2193. Let o(i) be the first derivative of -z + 0*i - 1/2*i**2. What is o(-1)?
1
Let w = -1818 - -1825. Let n(a) = a - 10. Give n(w).
-3
Let i(p) = p**2 - 9*p + 9. Let h(d) be the third derivative of -d**5/60 + d**4/3 - 3*d**3/2 + d**2 - 34. Let g be h(3). What is i(g)?
-9
Let x(w) = 3*w**2 - 6*w + 5. Let a be (-2)/16 - (40 + (-1365)/40). Determine x(a).
149
Suppose -16*l = 56*l + 219*l. Let p(v) be the third derivative of l*v + 1/6*v**4 - 1/3*v**3 + 18*v**2 + 0. Give p(2).
6
Let i(b) be the first derivative of b**4/4 - 10*b**3/3 + b**2/2 - 14*b + 1068. Let s = -11 - -21. Give i(s).
-4
Let q(s) = -s**2 - 6*s - 5. Let i(h) = 6*h + 11. Let g be i(12). Let k = g - 79. Suppose -r - 2 - k = 0. Calculate q(r).
-5
Let b(y) = -y**2 - y - 14. Let j = 244 - 240. Let h = -5 + 14. Suppose 0 = -h*s + j*s. What is b(s)?
-14
Let g be (33/(-2))/(6/8). Let m(n) = -n - 2. Let v be m(4). Let l be (1 + g/v)/((-56)/84). Let o(c) = -c - 6. What is o(l)?
1
Let v(a) = a**2 - 4. Let n(x) = -5*x**2 - 19*x - 7. Let i(o) = -4*o**2 - 17*o - 9. Let u(q) = -4*i(q) + 3*n(q). Let g be u(-9). Give v(g).
5
Suppose 0 = -5*i - 4 + 154. Let y be (30/(-25))/(i/100). Let m(g) = -g**2 - 4*g - 8. Calculate m(y).
-8
Let o(w) = 23*w**2 - 21*w - 91. Let z(a) = 16*a**2 - 14*a - 61. Let j(x) = 7*o(x) - 10*z(x). What is j(10)?
3
Let r(a) = a**2 - 14*a + 16. Let l be r(13). Let k(i) = -66*i**2 + i**l + 9 + 33*i**2 + 26*i**2. Suppose 4*h = 4*v + 44, -5*v = 5*h - 2 - 13. Calculate k(h).
9
Let h(k) = -k**3 + 13*k**2 + 14*k + 1. Let f be 105/(-55) + (-8)/88. Let c be f/(-7) - (-192)/14. What is h(c)?
1
Let u = 32 - 25. Let o(f) be the first derivative of -1/2*f**2 - 10*f - 29. Calculate o(u).
-17
Let x(a) = a**3 - 33*a**2 + 179*a + 84. Let n be x(26). Let b(q) = -24*q + 162. Give b(n).
18
Let v be -5 - 8*(0 - 1). Let p be 4/(-6)*(-9)/6. Let z(a) = -6*a**2 - 3. Let s(l) = -l**2 - l - 1. Let g(o) = p*z(o) - 5*s(o). Give g(v).
8
Let d(m) be the first derivative of 1/6*m**3 + 2*m**2 - 5*m + 13. Let c(w) be the first derivative of d(w). What is c(-4)?
0
Suppose 11*r - 10*r = 5*k - 17, 3*k = 4*r. Let x be 2/(1 - -3)*6. Let i(j) = 0*j**3 - 5*j**2 - r - j**x - 13*j - j**3 + 10*j. Give i(-3).
15
Let s(b) = -150 + 3*b + 119 + 50. Determine s(9).
46
Suppose -p + 27 - 15 = 0. Suppose -i + 3*z - 6 = -2*z, 0 = 2*i + 2*z - p. Suppose -f = i*f - 10. Let b(q) = 2*q**3 - 4*q**2 + 3*q - 1. Determine b(f).
5
Let l(u) be the second derivative of u**3/3 - 25*u**2 + 269*u - 3. What is l(20)?
-10
Let q(u) = u + 41. Let j be ((9 - -2) + -11)/(-3). Determine q(j).
41
Suppose -14*w = -123 + 11. Let i(b) = 5 - 18*b - 22*b - 15*b + 51*b. Calculate i(w).
-27
Let d(o) = o**3 - 39*o**2 + 40*o - 81. Let n be d(38). Let p be (n - -4)*-3 - -6. Let s(l) = 2*l - 5. What is s(p)?
13
Let v = 383 - 381. Let k(m) = -14*m - 3 + v + 2 + 12*m - 6*m**2. What is k(2)?
-27
Let y be 2 + (3 - 4/3*9/6). Let u(r) = -r. Let h(j) = j**3 - 4*j**2 + 8*j - 3. Let n(q) = -h(q) - 6*u(q). Calculate n(y).
6
Suppose -5*x = 4*b + 36, -4*x = -b + x + 16. Let d(i) be the first derivative of -i**4/4 - 4*i**3/3 + 3*i**2/2 + 5*i - 1679. What is d(b)?
-7
Let b(v) = -22*v - 47. Let j(r) = -r + 20. Let z(c) = b(c) - 7*j(c). Give z(-13).
8
Let v be (6/24)/(1/12). Let q(k) = 13 + 9*k**2 - 7 - 12 - v*k + 11 + 2*k**3. Determine q(-5).
-5
Let o(c) = -13*c - 54. Let z(l) = -16*l - 39. Let p(f) = 5*f + 13. Let j(x) = -7*p(x) - 2*z(x). Let a(d) = 9*j(d) - 2*o(d). Give a(-7).
-2
Let g(n) = -10*n**2 + 20 + 28 + 17*n**2 + n**3 - 7*n**2 + 2*n. Determine g(0).
48
Let w(o) = -16*o. Let r(b) = 31*b - 3. Let a(u) = -r(u) - 2*w(u). Let y = -19 - -20. Let d be y/(2 - 14/6). What is a(d)?
0
Let f(c) = -32*c - 332. Let w(g) = 8*g + 91. Let r(u) = 3*f(u) + 11*w(u). Give r(3).
-19
Let m(a) = -a**3 - 10*a**2 - 6*a - 14. Suppose -118*n + 4869 = -659*n. Calculate m(n).
-41
Let c(f) = f**3 + 6*f**2 + 5*f + 1. Let y(j) = -j**3 - 6*j**2 - 6*j. Let q(s) = 5*c(s) + 4*y(s). Suppose -5*k - 20 = 2*a, -4*k + 3*k + a = 11. Give q(k).
-1
Let o = 87 - 81. Let f(b) be the first derivative of b**4/12 - 5*b**3/6 + b - 1. Let s(x) be the first derivative of f(x). Calculate s(o).
6
Let s be ((-10)/(-6))/((-3)/45). Let i be (3 - (-80)/s)*-15. Let o(m) = -1 + 2*m + 2 - 4. Determine o(i).
3
Let a(j) = -j**3 - 2*j**2 + 2*j - 3. Let l(z) = 3*z**3 - 7*z**2 + 12*z + 5. Let g(m) = -2*a(m) - l(m). Calculate g(9).
19
Let w(k) be the second derivative of -k**3/3 + 21*k**2/2 - 369*k. What is w(11)?
-1
Let n(j) be the second derivative of -j**5/20 + 7*j**4/3 - j**3/2 + 91*j**2/2 - 3986*j. What is n(28)?
7
Let s = -9308 - -9311. Let h(b) = 2*b**3 - 2*b**2 - b + 4. What is h(s)?
37
Let p(m) = -5*m**3 - 13*m**2 - 5*m - 12. Let a(z) = -2*z**3 - 5*z**2 - 2*z - 5. Let b(y) = -17*a(y) + 7*p(y). What is b(-6)?
7
Let i(r) = -r**2 - 6*r - 6. Let j be i(-6). Let b(z) = 5*z**2 - 13*z + 6. Let m(g) = 14*g**2 - 37*g + 18. Let k(s) = j*m(s) + 17*b(s). Calculate k(0).
-6
Suppose 83 = -b + i, 0 = -0*i + 3*i + 6. Let g = b + 89. Let h(x) = 3*x - 3. Give h(g).
9
Let t(l) = 43*l**3 - 11*l + 26*l - 11*l + 12 - 3*l**2 - 14. Give t(1).
42
Let d(a) = 1985 + 2028 - 49*a - 4104. Let u be d(-2). Let o(n) = n**2 - 6*n + 10. Give o(u).
17
Let g(y) = -5*y - 12. Let k be 14/(-63) - 114/(-27). Determine g(k).
-32
Let d be (-72)/(-216) - (3 + (-32)/12). Let y(c) = -c**2 - 4*c + 41. Give y(d).
41
Let z be (104/(-10))/(3/90 + 0). Let w be ((-9)/5)/(-3) - z/(-120). Let h(g) = -1 + 2*g + 2 + 2. Give h(w).
-1
Let h(o) = -5*o**2 - 22*o - 10. Let l(i) = -12*i**2 - 48*i - 20. Let p(a) = 5*h(a) - 2*l(a). Let k be ((-13)/2)/((-3)/(-6)). What is p(k)?
3
Let u(a) = -6749 - 4*a + 6752 - a**3 + 0*a**3 + 2*a**2 - a**2 + 2*a**2. Suppose -3*c + 5 = -4. Give u(c).
-9
Let n(s) = -s**3 + 9*s**2 - 7*s - 6. Let w = -268 - -283. Suppose -w = -9*f + 48. What is n(f)?
43
Let c(b) = b**2 + 61*b + 886. Let y be c(-24). Let x(s) = -9*s - 4. Determine x(y).
14
Suppose 4*m + 9 = -5*d - 29, 2*d - 4*m + 4 = 0. Suppose -7 = -2*k - o - 2, k - 20 = -4*o. Let v(l) = 3*l**2 - 8 - 9*l - 4*l**2 + k*l**2. What is v(d)?
10
Let s(b) = -b**3 + 7*b - 1. Suppose 392*y = 395*y + 3*g - 6, -4*y + 8 = 2*g. Give s(y).
5
Let y(w) = -3*w**3 + 2*w**2 - 1. Suppose 0 = t + 2*i - 10, t - 4*i = -10 - 16. Calculate y(t).
31
Let p(b) be the first derivative of -21*b**2 + 626*b + 7677. What is p(15)?
-4
Let j(s) be the first derivative of -s**2 - 9*s - 664. Determine j(-7).
5
Let k(j) be the first derivative of j**3/3 - j**2/2 - 2*j - 262. Let p = -92 + 92. Determine k(p).
-2
Let x(c) = 6*c + 1. Suppose 4*d - 2*h - 6 = 0, -2*h + 10 = 4. Let n(u) = 3*u - 4. Let i be n(d). Let p(b) = -5*b. Let a(m) = i*p(m) + 4*x(m). Give a(5).
-1
Let l(o) be the 